u**2 - 8*u + 20. Let h(t) = -19*t - 105. Let i be h(-5). Give d(i).
0
Let z = 1257 - 1268. Let j(r) = -2*r - 29. Calculate j(z).
-7
Let p(j) = -j**3 + 2*j - 1. Let z(o) = o**2 - 1. Let h(l) = -p(l) - 3*z(l). Let r be 262/524 + 1 + 3/2. Determine h(r).
-2
Let y = 15 - 18. Let r be 4*(-3)/18*y. Let j(n) = r*n - 3 - 6*n - 3*n + 6*n. Give j(3).
-6
Let q(o) = o**2 + 7*o - 5. Let s be q(-7). Suppose 6 = 3*v - 12. Let u(d) = d + 7 - v - 3*d. What is u(s)?
11
Let v(t) = -t**3 + 3*t - 6*t + 0*t + 4*t**2 + 1 - 3. Suppose -4*o = 6 - 2. Let s be 7/(35/20) + o. Determine v(s).
-2
Let f(h) be the third derivative of -1/6*h**4 + 0 + 1/60*h**5 - 2*h**2 + 0*h - 2/3*h**3. Let b be 13/39 - (-28)/6. Determine f(b).
1
Let o(c) = -5*c + 20*c**2 - 67 - 21*c**2 - 61 + 126. Let j(l) = 3*l - 1. Let m be j(1). Suppose 0 = 2*z + m*z + 12. Give o(z).
4
Suppose -21*p + 60 = -5*q - 16*p, -3*q - 34 = -p. Let z(g) = -16*g**2 + 9*g + 6*g**2 - 16 + 7 + g - g**3. Calculate z(q).
2
Let q(r) = -3*r - 1. Let b(f) = f + 8. Suppose -5*u = -2*z + 17, -5*z - 45 + 5 = 4*u. Let a be b(u). What is q(a)?
-10
Let j(p) = 2*p + 2 + 5*p + 0*p. Suppose -5*v + 6*m - 2*m = -79, -5*v = -5*m - 80. Let n = v + -17. Determine j(n).
-12
Let r(n) = n - 1. Suppose 0 = 5*j - 5*o - 15, -o = -5*j - 2*o - 9. Let u(i) = 8*i - 1. Let g(x) = j*u(x) + 2*r(x). Let t = 7 + -6. Calculate g(t).
-7
Let t(m) = 5*m + 8. Let k = -146 - -140. Determine t(k).
-22
Let h(n) = -3*n**2 + 2*n + 1. Let s(u) = -u**2 - 6*u - 3. Let j be s(-4). Suppose 0 = -2*r + 6, j*m - 4*r - 7 = -24. Calculate h(m).
-4
Suppose 0 = 7*l + 962 - 948. Let a(h) = -2*h**3 - 4*h**2 - 3*h. What is a(l)?
6
Let n(j) = 3*j - 22. Let x(q) = q**3 + 7*q**2 + 4*q - 24. Let h be x(-5). What is n(h)?
-4
Let i(u) be the second derivative of 0 + 1/2*u**2 - u + 1/6*u**3 + 1/12*u**4. Calculate i(0).
1
Let g be (-3*(-2)/(-3))/(-2). Let w(o) = 4*o - 4 - o + o. Let t(q) = -q. Let b(k) = g*w(k) + 3*t(k). Determine b(7).
3
Let n(s) = -s**3 + 3*s**2 + 7*s - 3. Let g = -13 + 14. Let h = g + 4. Give n(h).
-18
Let f(r) = -6*r - 160 + 85 + r**2 + 83. What is f(7)?
15
Let k(m) = m**2 + m - 1. Let o be k(1). Let r be -4 + 16/8 - -5. Let u(h) = h + 6 - r + o. Calculate u(-4).
0
Let d be (12/15)/(20/250). Let k(j) = -7*j + 12*j - 3*j - 5*j + d. Give k(7).
-11
Let v(s) = 6*s**3 + 2*s**2 + s. Let i(m) = -m**3 + 5*m**2 - 5*m + 9. Let y be i(4). Suppose y*b - 1 = -4*k, -b = 3*k - 1 + 3. Determine v(k).
-5
Suppose 14*t - 19*t = 5*f - 5, 0 = 4*t + 2*f - 10. Let m(d) = d**3 - 6*d**2 + 3*d - 5. Give m(t).
-25
Suppose -3*u - 6 = m + 2*m, -12 = 2*m + 4*u. Let s(r) = 2*r**m + 2 - 2 - 3*r**3 + 2 + 4*r**3. Calculate s(-3).
-7
Let l(p) = -p - 12. Let o = -1285 + 1294. Calculate l(o).
-21
Let m(n) = 5*n**2 + n - 1. Let y(x) = -35*x - 68. Let w be y(-2). What is m(w)?
21
Let f(p) = 7*p + 2 - 1 + 0. Let m = 6 + -18. Let l be 2/8 + m/(-16). Determine f(l).
8
Let j(r) = -r**3 - 2*r**2. Let m be 18/(-4)*6/9. Calculate j(m).
9
Suppose 18*b - 24 = 10*b. Let v(d) = 416*d**b + 2*d + 2*d - 417*d**3 + 5*d**2. Calculate v(5).
20
Suppose 3*m = 17 - 8. Let u(l) = 41*l**2 + l**m - 78*l**2 + 38*l**2. Determine u(1).
2
Let m(n) = -n - 15. Let g(a) = 3. Let j(y) = 11*g(y) + 2*m(y). Let t be (-124)/(-10) + 18/(-45). Suppose t = -6*q + 3*q. Calculate j(q).
11
Let u(a) = a**2 - a. Let l(y) = -5*y**2 + 3*y + 1. Let v(z) = l(z) + 4*u(z). Let k = -17 - -14. Let c be k*8/6 + 2. Give v(c).
-1
Let d(t) be the third derivative of t**5/60 + t**4/3 + t**3/3 + 310*t**2. Determine d(-12).
50
Let r(p) be the third derivative of p**4/24 + 17*p**3/6 - 8*p**2. Let f be r(-20). Let t(c) = c**2 + 3*c - 4. What is t(f)?
-4
Suppose 0 = 2*y + 3*y - 15. Let x(v) be the second derivative of -v**5/120 - 2*v**3/3 - 5*v. Let k(g) be the second derivative of x(g). Calculate k(y).
-3
Let o(p) = -3*p - 9. Let z(r) = 2*r + 5. Let n be (1 - 2)/(3/9). Let s(i) = n*o(i) - 5*z(i). Let h = 102 - 104. Calculate s(h).
4
Let z = 6 + -10. Let b(d) = d**3 - 7*d**2 - 4*d - 3. Let j be 3 + -2*(-6)/(-3). Let t(y) = -y**3 + y**2 - y. Let m(k) = j*b(k) - 2*t(k). What is m(z)?
-5
Let c = -38 + 53. Let j = 10 - c. Let v(r) = -2*r**3 - 8*r**2 + 15*r - 14. Let l(i) = 3*i**3 + 12*i**2 - 22*i + 21. Let s(y) = 5*l(y) + 7*v(y). What is s(j)?
7
Let t be (-2)/(3/(6/(-4))). Let i(u) be the first derivative of -u**4/4 + u**3/3 - u**2 + u - 311. Give i(t).
-1
Let j(w) = w**2 + 3*w**2 - 3*w**2 + 23 - 134*w - 110*w + 259*w. What is j(-14)?
9
Let s(p) = 3*p + 21. Let m(f) = -10*f - 64. Let o(k) = -4*m(k) - 13*s(k). Suppose -3*w = -3 - 21. Determine o(w).
-9
Suppose -3*n + 1 = 10, -5*u = -3*n + 41. Let c(b) = b**3 + 10*b**2 + b + 6. Determine c(u).
-4
Let k(s) be the third derivative of s**4/8 + s**3/6 + 42*s**2 - 2*s. Calculate k(4).
13
Let x(h) = h**2 + 395 - 2*h**2 - 396 - 9*h. Calculate x(-9).
-1
Suppose 6 - 10 = -2*w. Let o(j) = 3*j**2 + 2*j + 1. Give o(w).
17
Let q(z) = -z**2 + 2*z - 8. Let p be 9/(-9 + 45)*0. What is q(p)?
-8
Suppose 3*f + 9 = 45. Let j = f + -10. Let q(l) = j*l - 5*l - 2*l**3 + 2*l. Determine q(-1).
3
Let s(o) = 2*o - 12. Let q be s(8). Let v(k) = k + 1 + 3 - q + 4. Give v(-5).
-1
Suppose s - 16 = 3*s + 5*w, -20 = 5*w. Suppose -3*x + 5*x = -s. Let b(u) = -21*u - 1. Give b(x).
20
Let d = 26 + -25. Let w(u) = 0 - 4*u**2 - d - 2*u**2 + 8*u**2. Give w(3).
17
Let w(x) = 3*x**2 - x + 2. Let h(j) = 8*j**2 - 3*j + 4. Let f(z) = 2*h(z) - 5*w(z). Let d be 0 + -1 - -4*1. Determine f(d).
4
Let j be -2*(1 - 5/(-2)). Let t(b) = b**3 - 12*b + 10. Let g(y) = 2*y**3 - 2*y**2 - 26*y + 21. Let x(l) = 3*g(l) - 7*t(l). Determine x(j).
0
Suppose 8*y - 7*y = 2. Suppose -y*n - n - 6 = 0. Let t(c) = c**3 + 2*c**2 + 3*c. What is t(n)?
-6
Let v(j) be the third derivative of j**4/6 + j**3/2 + 2*j**2. Let a = 46 + -51. Determine v(a).
-17
Let u(j) = 2*j**2 - 4*j + 1. Suppose -3*q - 3 = 3. Let g(z) be the third derivative of z**5/60 - z**4/24 - z**3/2 + z**2 + 6*z. Let l be g(q). Give u(l).
7
Let t(s) = s + 2. Let z(o) be the third derivative of -1/2*o**3 + 1/6*o**4 + 0 + 0*o - o**2 - 1/60*o**5. Let a be z(4). Determine t(a).
-1
Let x(f) = -12*f + 3. Let b(j) = 10*j - 2. Let k(n) = -4*b(n) - 3*x(n). Give k(-2).
7
Let k(c) = -c + 3. Let i(r) = 6*r + 1. Let b(m) = -i(m) - 4*k(m). Determine b(-3).
-7
Let v(t) = 4*t. Let n(m) = m**2 + 9*m + 1. Let y(l) = n(l) - 2*v(l). Suppose 0 = 4*x - 2*x - 28. Let h be 24/x + (-4)/(-14). Determine y(h).
7
Suppose -48*r = -0*r - 144. Let y(x) be the third derivative of 1/6*x**4 + 3*x**2 - 1/3*x**r + 0 + 0*x. Give y(-3).
-14
Let u(i) = i**3 + 3*i**2 - 3*i + 3. Let s = -35 + 50. Let y = -3 + 6. Suppose 0 = -y*d + x - 0*x - 9, 0 = -3*d - x - s. Calculate u(d).
-1
Let v(p) = 3*p - 1. Suppose -2*f = -6*f + 16. Suppose n + 27 = f*n. Let m = -7 + n. Give v(m).
5
Let i(h) be the third derivative of -1/6*h**3 - 3*h**2 + 0 + 0*h + 1/24*h**4. Let z(y) = 2*y**2 + 13*y - 20. Let k be z(-8). What is i(k)?
3
Suppose -3*x = -23 - 40. Suppose -x = 2*z + s - 0, -3*z + 5*s = -1. Let n(i) = i**3 + 7*i**2 - 10*i - 12. What is n(z)?
4
Let b(x) be the third derivative of -x**4/6 + 3*x**3/2 - 3*x**2. Let u be 13/(26/12) + 0. Calculate b(u).
-15
Suppose 3*q = 2*f - 0*f - 17, -5*f - 20 = 5*q. Suppose 0 = 5*v + i - 24 - f, v - 5 = 3*i. Let t(p) = -p**3 + 6*p**2 - 8*p + 6. Determine t(v).
-9
Let a(v) be the first derivative of v**4/4 + 2*v**3 + v**2 - 16*v - 20. Let y be a(-4). Let f(n) = n**2 - 8*n - 4. Determine f(y).
-4
Let q be (-24)/(-64)*20*(-4)/6. Let b(w) = w**3 + 6*w**2 + 6*w + 4. Give b(q).
-1
Let v(y) be the second derivative of y**2 - 26*y + 0 + 1/6*y**3. Determine v(-2).
0
Let n be (-12)/(-2) + (-14)/7. Let f(l) = 3*l**3 - 3*l**2 - 2*l - 3. Let x(a) = -7*a**3 + 6*a**2 + 4*a + 5. Let u(t) = 5*f(t) + 2*x(t). What is u(n)?
3
Let f = 86 - 83. Let t(y) = 31*y**2 + 0*y - 27*y**2 + 1 + 2*y + f + y**3. Give t(-4).
-4
Let z(r) = r**3 + 18*r**2 - 43*r - 62. Let s be z(-20). Let p(k) = -6*k - 5. Give p(s).
7
Let l(m) = m**3 - m**2 + m - 10. Let u = 11 - 9. Suppose -7*k + 25 = -u*k. Let o = -5 + k. Determine l(o).
-10
Let b(c) = -4*c + 8. Suppose -4*o + 5*o = 0. Suppose o = -m + 14 - 2. Suppose -m = -2*k - 0. What is b(k)?
-16
Let v(s) = 2*s + 3. Let f(t) = -t**3 - 7*t**2 - 3*t + 10. Let j be f(-6). Let m be j - (-1)/((-5)/(-15)). Give v(m).
-7
Let t(y) be the second 